{"id":1436,"date":"2023-05-11T03:50:15","date_gmt":"2023-05-11T03:50:15","guid":{"rendered":"https:\/\/fredyrangel.com\/?page_id=1436"},"modified":"2023-05-13T13:40:41","modified_gmt":"2023-05-13T13:40:41","slug":"clinica-proyectiva","status":"publish","type":"page","link":"https:\/\/fredyrangel.com\/?page_id=1436","title":{"rendered":"CLINICA"},"content":{"rendered":"\n<div style=\"height:100px\" aria-hidden=\"true\" class=\"wp-block-spacer\"><\/div>\n\n\n\n<p>Cl\u00ednica Proyectiva<\/p>\n\n\n\n<figure class=\"wp-block-gallery columns-3 is-cropped wp-block-gallery-1 is-layout-flex wp-block-gallery-is-layout-flex\"><ul class=\"blocks-gallery-grid\"><li class=\"blocks-gallery-item\"><figure><img loading=\"lazy\" decoding=\"async\" width=\"700\" height=\"525\" src=\"https:\/\/fredyrangel.com\/wp-content\/uploads\/2023\/05\/A-4-700x525.jpg\" alt=\"\" data-id=\"1368\" data-full-url=\"https:\/\/fredyrangel.com\/wp-content\/uploads\/2023\/05\/A-4.jpg\" data-link=\"https:\/\/fredyrangel.com\/?attachment_id=1368\" class=\"wp-image-1368\" srcset=\"https:\/\/fredyrangel.com\/wp-content\/uploads\/2023\/05\/A-4-700x525.jpg 700w, https:\/\/fredyrangel.com\/wp-content\/uploads\/2023\/05\/A-4-300x225.jpg 300w, https:\/\/fredyrangel.com\/wp-content\/uploads\/2023\/05\/A-4-768x576.jpg 768w, https:\/\/fredyrangel.com\/wp-content\/uploads\/2023\/05\/A-4.jpg 800w\" sizes=\"auto, (max-width: 700px) 100vw, 700px\" \/><\/figure><\/li><li class=\"blocks-gallery-item\"><figure><img loading=\"lazy\" decoding=\"async\" width=\"700\" height=\"525\" src=\"https:\/\/fredyrangel.com\/wp-content\/uploads\/2023\/05\/A-3-700x525.jpg\" alt=\"\" data-id=\"1367\" data-full-url=\"https:\/\/fredyrangel.com\/wp-content\/uploads\/2023\/05\/A-3.jpg\" data-link=\"https:\/\/fredyrangel.com\/?attachment_id=1367\" class=\"wp-image-1367\" srcset=\"https:\/\/fredyrangel.com\/wp-content\/uploads\/2023\/05\/A-3-700x525.jpg 700w, https:\/\/fredyrangel.com\/wp-content\/uploads\/2023\/05\/A-3-300x225.jpg 300w, https:\/\/fredyrangel.com\/wp-content\/uploads\/2023\/05\/A-3-768x576.jpg 768w, https:\/\/fredyrangel.com\/wp-content\/uploads\/2023\/05\/A-3.jpg 800w\" sizes=\"auto, (max-width: 700px) 100vw, 700px\" \/><\/figure><\/li><li class=\"blocks-gallery-item\"><figure><img loading=\"lazy\" decoding=\"async\" width=\"700\" height=\"525\" src=\"https:\/\/fredyrangel.com\/wp-content\/uploads\/2023\/05\/A-7-700x525.jpg\" alt=\"\" data-id=\"1371\" data-full-url=\"https:\/\/fredyrangel.com\/wp-content\/uploads\/2023\/05\/A-7.jpg\" data-link=\"https:\/\/fredyrangel.com\/?attachment_id=1371\" class=\"wp-image-1371\" srcset=\"https:\/\/fredyrangel.com\/wp-content\/uploads\/2023\/05\/A-7-700x525.jpg 700w, https:\/\/fredyrangel.com\/wp-content\/uploads\/2023\/05\/A-7-300x225.jpg 300w, https:\/\/fredyrangel.com\/wp-content\/uploads\/2023\/05\/A-7-768x576.jpg 768w, https:\/\/fredyrangel.com\/wp-content\/uploads\/2023\/05\/A-7.jpg 800w\" sizes=\"auto, (max-width: 700px) 100vw, 700px\" \/><\/figure><\/li><li class=\"blocks-gallery-item\"><figure><img loading=\"lazy\" decoding=\"async\" width=\"700\" height=\"525\" src=\"https:\/\/fredyrangel.com\/wp-content\/uploads\/2023\/05\/A-2-700x525.jpg\" alt=\"\" data-id=\"1366\" data-full-url=\"https:\/\/fredyrangel.com\/wp-content\/uploads\/2023\/05\/A-2.jpg\" data-link=\"https:\/\/fredyrangel.com\/?attachment_id=1366\" class=\"wp-image-1366\" srcset=\"https:\/\/fredyrangel.com\/wp-content\/uploads\/2023\/05\/A-2-700x525.jpg 700w, https:\/\/fredyrangel.com\/wp-content\/uploads\/2023\/05\/A-2-300x225.jpg 300w, https:\/\/fredyrangel.com\/wp-content\/uploads\/2023\/05\/A-2-768x576.jpg 768w, https:\/\/fredyrangel.com\/wp-content\/uploads\/2023\/05\/A-2.jpg 800w\" sizes=\"auto, (max-width: 700px) 100vw, 700px\" \/><\/figure><\/li><li class=\"blocks-gallery-item\"><figure><img loading=\"lazy\" decoding=\"async\" width=\"700\" height=\"525\" src=\"https:\/\/fredyrangel.com\/wp-content\/uploads\/2023\/05\/A-6-700x525.jpg\" alt=\"\" data-id=\"1370\" data-full-url=\"https:\/\/fredyrangel.com\/wp-content\/uploads\/2023\/05\/A-6.jpg\" data-link=\"https:\/\/fredyrangel.com\/?attachment_id=1370\" class=\"wp-image-1370\" srcset=\"https:\/\/fredyrangel.com\/wp-content\/uploads\/2023\/05\/A-6-700x525.jpg 700w, https:\/\/fredyrangel.com\/wp-content\/uploads\/2023\/05\/A-6-300x225.jpg 300w, https:\/\/fredyrangel.com\/wp-content\/uploads\/2023\/05\/A-6-768x576.jpg 768w, https:\/\/fredyrangel.com\/wp-content\/uploads\/2023\/05\/A-6.jpg 800w\" sizes=\"auto, (max-width: 700px) 100vw, 700px\" \/><\/figure><\/li><li class=\"blocks-gallery-item\"><figure><img loading=\"lazy\" decoding=\"async\" width=\"700\" height=\"525\" src=\"https:\/\/fredyrangel.com\/wp-content\/uploads\/2023\/05\/A-1-700x525.jpg\" alt=\"\" data-id=\"1365\" data-full-url=\"https:\/\/fredyrangel.com\/wp-content\/uploads\/2023\/05\/A-1.jpg\" data-link=\"https:\/\/fredyrangel.com\/?attachment_id=1365\" class=\"wp-image-1365\" srcset=\"https:\/\/fredyrangel.com\/wp-content\/uploads\/2023\/05\/A-1-700x525.jpg 700w, https:\/\/fredyrangel.com\/wp-content\/uploads\/2023\/05\/A-1-300x225.jpg 300w, https:\/\/fredyrangel.com\/wp-content\/uploads\/2023\/05\/A-1-768x576.jpg 768w, https:\/\/fredyrangel.com\/wp-content\/uploads\/2023\/05\/A-1.jpg 800w\" sizes=\"auto, (max-width: 700px) 100vw, 700px\" \/><\/figure><\/li><li class=\"blocks-gallery-item\"><figure><img loading=\"lazy\" decoding=\"async\" width=\"700\" height=\"525\" src=\"https:\/\/fredyrangel.com\/wp-content\/uploads\/2023\/05\/A-5-700x525.jpg\" alt=\"\" data-id=\"1369\" data-full-url=\"https:\/\/fredyrangel.com\/wp-content\/uploads\/2023\/05\/A-5.jpg\" data-link=\"https:\/\/fredyrangel.com\/?attachment_id=1369\" class=\"wp-image-1369\" srcset=\"https:\/\/fredyrangel.com\/wp-content\/uploads\/2023\/05\/A-5-700x525.jpg 700w, https:\/\/fredyrangel.com\/wp-content\/uploads\/2023\/05\/A-5-300x225.jpg 300w, https:\/\/fredyrangel.com\/wp-content\/uploads\/2023\/05\/A-5-768x576.jpg 768w, https:\/\/fredyrangel.com\/wp-content\/uploads\/2023\/05\/A-5.jpg 800w\" sizes=\"auto, (max-width: 700px) 100vw, 700px\" \/><\/figure><\/li><\/ul><\/figure>\n\n\n\n<p>Di\u00e1logos, Filtros de Caf\u00e9.<\/p>\n\n\n\n<div style=\"height:100px\" aria-hidden=\"true\" class=\"wp-block-spacer\"><\/div>\n\n\n\n<figure class=\"wp-block-gallery columns-1 is-cropped wp-block-gallery-2 is-layout-flex wp-block-gallery-is-layout-flex\"><ul class=\"blocks-gallery-grid\"><li class=\"blocks-gallery-item\"><figure><img loading=\"lazy\" decoding=\"async\" width=\"600\" height=\"800\" src=\"https:\/\/fredyrangel.com\/wp-content\/uploads\/2023\/05\/A-16.jpg\" alt=\"\" data-id=\"1380\" data-full-url=\"https:\/\/fredyrangel.com\/wp-content\/uploads\/2023\/05\/A-16.jpg\" data-link=\"https:\/\/fredyrangel.com\/?attachment_id=1380\" class=\"wp-image-1380\" srcset=\"https:\/\/fredyrangel.com\/wp-content\/uploads\/2023\/05\/A-16.jpg 600w, https:\/\/fredyrangel.com\/wp-content\/uploads\/2023\/05\/A-16-225x300.jpg 225w\" sizes=\"auto, (max-width: 600px) 100vw, 600px\" \/><\/figure><\/li><\/ul><\/figure>\n\n\n\n<p>Ejercicios Proyectivos<\/p>\n\n\n\n<div style=\"height:100px\" aria-hidden=\"true\" class=\"wp-block-spacer\"><\/div>\n\n\n\n<figure class=\"wp-block-gallery columns-1 is-cropped wp-block-gallery-3 is-layout-flex wp-block-gallery-is-layout-flex\"><ul class=\"blocks-gallery-grid\"><li class=\"blocks-gallery-item\"><figure><img loading=\"lazy\" decoding=\"async\" width=\"700\" height=\"525\" src=\"https:\/\/fredyrangel.com\/wp-content\/uploads\/2023\/05\/A-11-700x525.jpg\" alt=\"\" data-id=\"1375\" data-full-url=\"https:\/\/fredyrangel.com\/wp-content\/uploads\/2023\/05\/A-11.jpg\" data-link=\"https:\/\/fredyrangel.com\/?attachment_id=1375\" class=\"wp-image-1375\" srcset=\"https:\/\/fredyrangel.com\/wp-content\/uploads\/2023\/05\/A-11-700x525.jpg 700w, https:\/\/fredyrangel.com\/wp-content\/uploads\/2023\/05\/A-11-300x225.jpg 300w, https:\/\/fredyrangel.com\/wp-content\/uploads\/2023\/05\/A-11-768x576.jpg 768w, https:\/\/fredyrangel.com\/wp-content\/uploads\/2023\/05\/A-11.jpg 800w\" sizes=\"auto, (max-width: 700px) 100vw, 700px\" \/><\/figure><\/li><\/ul><\/figure>\n\n\n\n<p>Alg\u00fan Lugar&#8230;<\/p>\n\n\n\n<div style=\"height:100px\" aria-hidden=\"true\" class=\"wp-block-spacer\"><\/div>\n\n\n\n<figure class=\"wp-block-gallery columns-1 is-cropped wp-block-gallery-4 is-layout-flex wp-block-gallery-is-layout-flex\"><ul class=\"blocks-gallery-grid\"><li class=\"blocks-gallery-item\"><figure><img loading=\"lazy\" decoding=\"async\" width=\"700\" height=\"525\" src=\"https:\/\/fredyrangel.com\/wp-content\/uploads\/2023\/05\/A-17-700x525.jpg\" alt=\"\" data-id=\"1381\" data-full-url=\"https:\/\/fredyrangel.com\/wp-content\/uploads\/2023\/05\/A-17.jpg\" data-link=\"https:\/\/fredyrangel.com\/?attachment_id=1381\" class=\"wp-image-1381\" srcset=\"https:\/\/fredyrangel.com\/wp-content\/uploads\/2023\/05\/A-17-700x525.jpg 700w, https:\/\/fredyrangel.com\/wp-content\/uploads\/2023\/05\/A-17-300x225.jpg 300w, https:\/\/fredyrangel.com\/wp-content\/uploads\/2023\/05\/A-17-768x576.jpg 768w, https:\/\/fredyrangel.com\/wp-content\/uploads\/2023\/05\/A-17.jpg 800w\" sizes=\"auto, (max-width: 700px) 100vw, 700px\" \/><\/figure><\/li><\/ul><\/figure>\n\n\n\n<p>Alg\u00fan Lugar&#8230;<\/p>\n\n\n\n<div style=\"height:100px\" aria-hidden=\"true\" class=\"wp-block-spacer\"><\/div>\n\n\n\n<figure class=\"wp-block-gallery columns-1 is-cropped wp-block-gallery-5 is-layout-flex wp-block-gallery-is-layout-flex\"><ul class=\"blocks-gallery-grid\"><li class=\"blocks-gallery-item\"><figure><img loading=\"lazy\" decoding=\"async\" width=\"600\" height=\"800\" src=\"https:\/\/fredyrangel.com\/wp-content\/uploads\/2023\/05\/A-18.jpg\" alt=\"\" data-id=\"1382\" data-full-url=\"https:\/\/fredyrangel.com\/wp-content\/uploads\/2023\/05\/A-18.jpg\" data-link=\"https:\/\/fredyrangel.com\/?attachment_id=1382\" class=\"wp-image-1382\" srcset=\"https:\/\/fredyrangel.com\/wp-content\/uploads\/2023\/05\/A-18.jpg 600w, https:\/\/fredyrangel.com\/wp-content\/uploads\/2023\/05\/A-18-225x300.jpg 225w\" sizes=\"auto, (max-width: 600px) 100vw, 600px\" \/><\/figure><\/li><\/ul><\/figure>\n\n\n\n<p>Vitrinas del Inconsciente<\/p>\n\n\n\n<div style=\"height:100px\" aria-hidden=\"true\" class=\"wp-block-spacer\"><\/div>\n\n\n\n<div style=\"height:100px\" aria-hidden=\"true\" class=\"wp-block-spacer\"><\/div>\n\n\n\n<div style=\"height:100px\" aria-hidden=\"true\" class=\"wp-block-spacer\"><\/div>\n","protected":false},"excerpt":{"rendered":"<p>Cl\u00ednica Proyectiva Di\u00e1logos, Filtros de Caf\u00e9. Ejercicios Proyectivos Alg\u00fan Lugar&#8230; Alg\u00fan Lugar&#8230; Vitrinas del Inconsciente<\/p>\n","protected":false},"author":2,"featured_media":0,"parent":0,"menu_order":0,"comment_status":"closed","ping_status":"closed","template":"","meta":{"footnotes":""},"class_list":["post-1436","page","type-page","status-publish","hentry"],"_links":{"self":[{"href":"https:\/\/fredyrangel.com\/index.php?rest_route=\/wp\/v2\/pages\/1436","targetHints":{"allow":["GET"]}}],"collection":[{"href":"https:\/\/fredyrangel.com\/index.php?rest_route=\/wp\/v2\/pages"}],"about":[{"href":"https:\/\/fredyrangel.com\/index.php?rest_route=\/wp\/v2\/types\/page"}],"author":[{"embeddable":true,"href":"https:\/\/fredyrangel.com\/index.php?rest_route=\/wp\/v2\/users\/2"}],"replies":[{"embeddable":true,"href":"https:\/\/fredyrangel.com\/index.php?rest_route=%2Fwp%2Fv2%2Fcomments&post=1436"}],"version-history":[{"count":5,"href":"https:\/\/fredyrangel.com\/index.php?rest_route=\/wp\/v2\/pages\/1436\/revisions"}],"predecessor-version":[{"id":1461,"href":"https:\/\/fredyrangel.com\/index.php?rest_route=\/wp\/v2\/pages\/1436\/revisions\/1461"}],"wp:attachment":[{"href":"https:\/\/fredyrangel.com\/index.php?rest_route=%2Fwp%2Fv2%2Fmedia&parent=1436"}],"curies":[{"name":"wp","href":"https:\/\/api.w.org\/{rel}","templated":true}]}}